{"id":291,"date":"2024-05-06T20:01:52","date_gmt":"2024-05-06T18:01:52","guid":{"rendered":"https:\/\/polvoraypatrimonio.org\/?page_id=291"},"modified":"2024-05-06T20:02:40","modified_gmt":"2024-05-06T18:02:40","slug":"actividad-2","status":"publish","type":"page","link":"https:\/\/polvoraypatrimonio.org\/index.php\/actividad-2\/","title":{"rendered":"Actividad"},"content":{"rendered":"<p><strong>Reuni\u00f3n con la Subdirecci\u00f3n General de Minas del Ministerio para la Transici\u00f3n Ecol\u00f3gica<br \/>\n25-10-2019<\/strong><\/p>\n<p>El d\u00eda 25 de octubre de 2019, en la sede del Ministerio para la Transici\u00f3n Ecol\u00f3gica, se celebr\u00f3 una reuni\u00f3n entre una delegaci\u00f3n de los Pueblos de la p\u00f3lvora y funcionarios de la Subdirecci\u00f3n General de Minas. El encuentro, \u00a0convocado a instancias de las entidades agrupadas en la citada plataforma, ten\u00eda por objeto abordar algunos de los problemas que vienen acuciando en los dos \u00faltimos a\u00f1os y, en particular, a lo largo de este 2019, a las poblaciones en cuyas fiestas se desarrollan actos de disparo de arcabucer\u00eda con p\u00f3lvora negra.<\/p>\n<figure id=\"attachment_212\" aria-describedby=\"caption-attachment-212\" style=\"width: 430px\" class=\"wp-caption alignright\"><img loading=\"lazy\" decoding=\"async\" class=\"wp-image-212 \" src=\"http:\/\/polvoraypatrimonio.org\/wp-content\/uploads\/2019\/10\/image-e1572531887748.png\" alt=\"\" width=\"430\" height=\"304\" srcset=\"https:\/\/polvoraypatrimonio.org\/wp-content\/uploads\/2019\/10\/image-e1572531887748.png 1504w, https:\/\/polvoraypatrimonio.org\/wp-content\/uploads\/2019\/10\/image-e1572531887748-300x212.png 300w, https:\/\/polvoraypatrimonio.org\/wp-content\/uploads\/2019\/10\/image-e1572531887748-768x543.png 768w, https:\/\/polvoraypatrimonio.org\/wp-content\/uploads\/2019\/10\/image-e1572531887748-1024x724.png 1024w\" sizes=\"auto, (max-width: 430px) 100vw, 430px\" \/><figcaption id=\"caption-attachment-212\" class=\"wp-caption-text\">Asistentes a la reuni\u00f3n<\/figcaption><\/figure>\n<p>En el marco de la reuni\u00f3n se llev\u00f3 a cabo un an\u00e1lisis detenido de las circunstancias y de los efectos que ha conllevado hasta el presente la aplicaci\u00f3n de la ITC 26 del nuevo Reglamento de explosivos. Tambi\u00e9n se hizo referencia expl\u00edcita y pormenorizada a la deficiente gesti\u00f3n llevada a cabo por la \u00fanica empresa autorizada a d\u00eda de hoy para la distribuci\u00f3n y venta de dicha p\u00f3lvora negra.<\/p>\n<p>Por parte de las entidades presentes se plantearon diversas propuestas encaminadas a reformar en cuestiones puntuales \u00a0la ITC 26, a fin de acercarla en su formulaci\u00f3n y en su aplicaci\u00f3n a la realidad que se vive en las distintas poblaciones. Tambi\u00e9n se hizo patente el inter\u00e9s de dichas entidades por facilitar la participaci\u00f3n de las empresas pirot\u00e9cnicas en el proceso de distribuci\u00f3n y venta de la p\u00f3lvora negra para arcabuz.<\/p>\n<p>Los representantes ministeriales manifestaron su disposici\u00f3n a considerar las demandas planteadas por las entidades, y a secundarlas en los diferentes pasos que deben seguirse para alcanzar un acuerdo con las diversas instancias de la Administraci\u00f3n implicadas en la materia.<\/p>\n<p>Por su parte, los representantes de las entidades festeras hicieron especial hincapi\u00e9 en la trascendencia social del asunto que hab\u00eda motivado la reuni\u00f3n, poniendo el acento en su aspecto patrimonial e identitario, amenazado por unos problemas que est\u00e1n provocando un malestar generalizado, muy agravado en el curso de los \u00faltimos meses, en un amplio conjunto de poblaciones repartidas por las provincias y comunidades aut\u00f3nomas del Sureste espa\u00f1ol.<\/p>\n<p>El encuentro, desarrollado con cordialidad y absoluta franqueza en la exposici\u00f3n y explicaci\u00f3n de las diferentes posturas, sirvi\u00f3 igualmente para esclarecer los pasos a seguir para alcanzar los objetivos y fines que se han propuesto las poblaciones y entidades que secundan esta iniciativa. Es prop\u00f3sito irrenunciable de los Pueblos de la p\u00f3lvora recorrer este camino hasta lograr el prop\u00f3sito que ha determinado su puesta en marcha.<\/p>\n","protected":false},"excerpt":{"rendered":"<p>Reuni\u00f3n con la Subdirecci\u00f3n General de Minas del Ministerio para la Transici\u00f3n Ecol\u00f3gica 25-10-2019 El d\u00eda 25 de octubre de 2019, en la sede del Ministerio para la Transici\u00f3n Ecol\u00f3gica, se celebr\u00f3 una reuni\u00f3n entre &hellip;<\/p>\n","protected":false},"author":1,"featured_media":0,"parent":0,"menu_order":0,"comment_status":"closed","ping_status":"closed","template":"template-centered.php","meta":{"footnotes":""},"class_list":["post-291","page","type-page","status-publish","hentry"],"_links":{"self":[{"href":"https:\/\/polvoraypatrimonio.org\/index.php\/wp-json\/wp\/v2\/pages\/291","targetHints":{"allow":["GET"]}}],"collection":[{"href":"https:\/\/polvoraypatrimonio.org\/index.php\/wp-json\/wp\/v2\/pages"}],"about":[{"href":"https:\/\/polvoraypatrimonio.org\/index.php\/wp-json\/wp\/v2\/types\/page"}],"author":[{"embeddable":true,"href":"https:\/\/polvoraypatrimonio.org\/index.php\/wp-json\/wp\/v2\/users\/1"}],"replies":[{"embeddable":true,"href":"https:\/\/polvoraypatrimonio.org\/index.php\/wp-json\/wp\/v2\/comments?post=291"}],"version-history":[{"count":2,"href":"https:\/\/polvoraypatrimonio.org\/index.php\/wp-json\/wp\/v2\/pages\/291\/revisions"}],"predecessor-version":[{"id":294,"href":"https:\/\/polvoraypatrimonio.org\/index.php\/wp-json\/wp\/v2\/pages\/291\/revisions\/294"}],"wp:attachment":[{"href":"https:\/\/polvoraypatrimonio.org\/index.php\/wp-json\/wp\/v2\/media?parent=291"}],"curies":[{"name":"wp","href":"https:\/\/api.w.org\/{rel}","templated":true}]}}